)?
-13
Let d(o) = -o**3 - 8*o**2 - 6*o + 10. Let r = 83 + -145. Let b = r - -55. Calculate d(b).
3
Let r(h) = h**3 - h**2 + h. Let n(j) = 35*j**3 - 3*j**2 + 2*j + 1. Let s(d) = -n(d) + 2*r(d). Calculate s(-1).
33
Suppose 3*x - 18 = u, 5*x - 2*u + 6 - 36 = 0. Suppose 18 = -4*f - x. Let k(t) = -t - 2. What is k(f)?
4
Let r be ((-16)/24*12)/1. Let v(p) = p**3 + 8*p**2 + 3*p + 6. Determine v(r).
-18
Let d(r) = 3*r**2 + 12*r - 26. Let g(v) = 2*v**2 + 7*v - 14. Let y(o) = -3*d(o) + 5*g(o). Give y(6).
38
Let k be (-6)/9*(-15)/10*8. Let q(b) be the first derivative of -3/2*b**2 - k - 2*b. What is q(-2)?
4
Suppose 1 = 4*k + w, 4 = -3*k - 0*w + 4*w. Let j be k - (6 - (3 - 0)). Let n(c) = c**3 + 4*c**2 + 2*c. Let x be n(j). Let z(t) = -t**2 + t + 1. Calculate z(x).
-5
Let o(z) = -z - 7 - z**3 + 13 - 11*z**2 - 3 + 20. What is o(-11)?
34
Suppose -q + 2 = -s, 16*q = -5*s + 12*q + 8. Let f(b) = -b**2 - b + 5. Calculate f(s).
5
Let l(f) = -f**3 - 5*f**2 + 6*f + 8. Suppose 3*y = 2*a + 3 + 3, -a + 3*y = 0. Let t be l(a). Suppose -5*g = 3 - t. Let s(i) = -i**2 + 2*i - 1. Give s(g).
0
Let m(p) be the third derivative of p**5/60 - 5*p**4/12 - 5*p**3/2 + p**2 - 12*p. Give m(12).
9
Suppose -n + 5 = 0, -4*f + 4*n = -0*f + 20. Let j(t) = 30*t**2 + 4 + 3*t + f - 32*t**2. Determine j(3).
-5
Suppose 7*z + 12 = 9*z. Suppose z*x = 2*x. Let j(h) = x*h**2 - 7*h - h**2 + 16 - 10. Give j(-7).
6
Suppose 4*r = w - 15, 2*r - 6 = 5*r. Let n(i) = i**2 - 9*i + 2. Give n(w).
-12
Let f(l) be the third derivative of 4*l**2 + 0 + 1/24*l**4 + 1/3*l**3 + 0*l. Give f(-2).
0
Let p(q) = 3*q - 9*q + 17*q + 7*q**3 - 3 - 6*q**2. Let c(l) = 11*l**3 - 9*l**2 + 17*l - 4. Let f(o) = -5*c(o) + 8*p(o). What is f(3)?
5
Let d(c) = -3*c**2 - 14*c - 6. Let r be d(-4). Suppose -r*b + 6 - 6 = 0. Let s(k) be the second derivative of -k**5/20 - k**3/6 - k**2 - k. What is s(b)?
-2
Let j(z) = z**2 + 3*z - 30. Let t be j(-7). Let x(i) = 3*i + 4. What is x(t)?
-2
Let h(l) = -l**2 - l - 4. Suppose 0 = 2*x + 3*x + 5. Suppose -18*o = 8*o - 1248. Let t be (32/o)/(x/6). Calculate h(t).
-16
Let w be 1/5 - (287/35 + -10). Let q(u) be the first derivative of -1/2*u**w + 8*u - 5. Calculate q(7).
1
Let s(u) = -u**3 + u**2 + 6*u - 5. Let y(k) = -k**3 + 6*k - 4. Let t(r) = 5*s(r) - 4*y(r). Let a(v) = -135*v**2 - 272*v + 2. Let g be a(-2). Calculate t(g).
-9
Let m(o) = o**2 + o - 6. Let l be m(5). Let z be ((-4)/(-3) + -2)/((-6)/270). Let s = z - l. Let t(c) = c**2 - 7*c - 2. What is t(s)?
-8
Let q be 1 + 0 - (4 - 12). Let w(y) = y**3 - 22*y**2 + 16*y + 4. Let d(l) = -l**3 + 20*l**2 - 15*l - 2. Let b(j) = -6*d(j) - 5*w(j). Give b(q).
1
Let y(l) be the second derivative of l**5/20 - 5*l**4/12 + l**3/6 + 7*l**2/2 + 5*l. Let v be y(4). Let n(u) = u**3 + 5*u**2 + 4. What is n(v)?
4
Let q(h) be the first derivative of 1/2*h**2 + 21*h + 2. Let a be q(-16). Let d(m) = -m**2 + 3*m. What is d(a)?
-10
Let r(v) be the second derivative of -v**6/360 - v**5/20 + v**4 + v. Let f(i) be the third derivative of r(i). Give f(-4).
2
Let g(v) = 7*v - 1. Suppose -5*s = -8*s - r + 29, -5*r + 17 = -s. Suppose 0*u = -3*c - u + 1, -s = -2*c + 3*u. Calculate g(c).
6
Let i(k) = -k - 2. Suppose -8*r + 15*r - 42 = 0. Let x be 2/(-4)*(r + -20). What is i(x)?
-9
Let g(o) = -12*o. Suppose 4*d + 3*w = 3*d + 20, 0 = -d - 4*w + 25. Suppose 3*u - d*j + 18 = 0, 2*u = 4*j - 2*j - 8. Calculate g(u).
12
Suppose -2*k + 9 = r, 4*r + 2 = -10. Let u(j) = j**3 - 6*j**2 - 3*j - 5. Calculate u(k).
-23
Suppose -140*l = -144*l + 36. Let m(y) = 2*y**2 - 18*y - 3. What is m(l)?
-3
Let i(k) = k**3 + 24*k**2 + 92*k - 59. Let d be i(-19). Let w(z) = 6*z**3 - 3*z**2 + 1. What is w(d)?
-59
Let j(l) = -l + 1 - 1. Suppose -14*i - 45 = -11*i. Let r be (18/i)/(14/35). Determine j(r).
3
Suppose 5*p + 54 - 24 = 0. Let q(k) = -3*k - 12. Determine q(p).
6
Let j(l) = 5*l - l**2 + 6 + 0 - 7*l + 4*l + 14. Give j(-4).
-4
Suppose -36*b + 37*b = 3. Let a(x) = -10*x**2 + 2*x**3 - 1 - x + 8*x**2 - x**b. Determine a(3).
5
Let s(h) = h**3 - 15*h**2 - 16*h + 22. Let a be s(16). Suppose -a - 13 = -7*p. Let v(i) = -i**2 + 3*i - 5. What is v(p)?
-15
Let i(y) = -y**2 + 5*y + 7. Let s be i(4). Let t(g) = 11*g + 9 - 16*g + s*g + g**2. What is t(-6)?
9
Let k(i) be the second derivative of i**3 - 12*i**2 + 391*i. Calculate k(6).
12
Let t(p) = -3*p + 7. Let v(m) = -12*m + 84. Let f be v(7). What is t(f)?
7
Let i(o) be the second derivative of -9*o + 1/3*o**3 + 5/24*o**4 - 1/60*o**5 + 1/2*o**2 + 0. Let m(n) be the first derivative of i(n). Calculate m(4).
6
Let o(k) = -k**3 - 4*k**2 - 2*k + 2. Suppose 116*x - 150*x - 102 = 0. Calculate o(x).
-1
Suppose 106 = -10*m - 304. Let u = m - -49. Let t(i) = -4*i + 9. Determine t(u).
-23
Suppose -j - 20 = -6*j. Let d(w) = w**3 - 4*w**2 - w + 3. What is d(j)?
-1
Let n(h) = 5*h + 4 + 4*h**3 - 3*h**2 - 5*h**3 + 0. Suppose 0 = -3*v - i + 9, 0*v + 2*i = -v + 8. Suppose 7 = v*x + 15. Determine n(x).
0
Let n(j) = 7*j**3 - 7*j**2 - 2*j + 1. Let a(u) = 3*u**3 + 5*u**2 - 9*u**2 - 4*u**3 + 5*u**2. Let r(s) = -6*a(s) - n(s). What is r(2)?
-1
Suppose -137*u = -117*u + 40. Let t(k) = -3*k**3 - 2*k**2 + 2*k. What is t(u)?
12
Suppose -2*t + 1 = t + 4*a, -t - 3*a - 3 = 0. Let w = -31 + 33. Let d(n) = -3 - w*n + 0*n + 0*n. Determine d(t).
-9
Let x be 1/7 - 123/(-21). Let u(i) = 7*i**2 - 4 - 5*i**3 - 8*i + 4*i**3 + 8. Give u(x).
-8
Suppose 13*m - 192 = -114. Let q(f) be the second derivative of 0 + 0*f**3 - 2*f + 1/20*f**5 - 1/2*f**2 - 1/2*f**4. Calculate q(m).
-1
Let a(u) = 8*u + 87. Let j be a(-11). Let h(q) = q**2 - 1. Let b(r) = 7*r**2 - r - 7. Let y(v) = -b(v) + 6*h(v). Give y(j).
-1
Let k(l) = -6*l**2 + 24*l + 30. Let u(n) = -n**2 - 2*n. Let s(v) = k(v) - 7*u(v). Determine s(-37).
-7
Let p be (248/155)/((-2)/5). Let o(s) = s**2 + 2*s + 1. Determine o(p).
9
Let b(y) = y**3 - 10*y**2 + 10. Let f(p) = p**3 - 11*p**2 + 11. Let s(g) = 7*b(g) - 6*f(g). Give s(4).
4
Let a = -364 - -357. Let n(z) = z + 2. What is n(a)?
-5
Suppose -13*q + 23*q = -130. Let b(z) = -2*z - 15. Calculate b(q).
11
Let x(b) be the third derivative of -b**4/8 - 11*b**3/6 + 6*b**2 + 8. Determine x(-3).
-2
Let o = -1373 + 1379. Let t(m) = -m**3 + 5*m**2 + 5*m - 1. Determine t(o).
-7
Let t(y) = 13*y - 3. Let q(b) = 7*b - 3. Let f(u) = -2*q(u) + 3*t(u). Give f(2).
47
Let u(q) = -4*q + 1. Suppose 0 = 4*j + 12, -4*t + 5*j = 4*j - 11. Suppose 8 = -d + t. Determine u(d).
25
Let y(r) = r**3 - 13*r**2 - 19*r - 36. Let s be y(15). Let f(j) = -255*j + 125*j + 16*j**2 + s*j. Calculate f(1).
15
Suppose 8*k + 212 - 196 = 0. Let v(s) = -4*s**2 - s + 1. What is v(k)?
-13
Let f = -8 - -14. Let z(g) be the second derivative of -1/20*g**5 + 0 - 8*g + 0*g**3 + 1/2*g**4 + 5/2*g**2. What is z(f)?
5
Let k(v) = 5 + 4 - 3*v - 9. Let a be k(-2). Let g be -4*1 - (-4 - a). Let w(z) = z**3 - 5*z**2 - 7*z - 3. Give w(g).
-9
Suppose 2 - 8 = -3*u. Let s(i) = 7*i**2 - 24*i + 26*i - 4*i**u. Let c be s(-2). Let a(h) = h - 2. Calculate a(c).
6
Let i(r) = -2*r + 4. Let l(y) = y**2 + 25*y + 104. Let o be l(-5). Calculate i(o).
-4
Suppose -a - 16 = -4*b, a = 6*a - b + 4. Suppose -5*u + a*n + 2*n = -14, 4*n + 4 = -2*u. Let d(p) = 0*p - 3 + 3*p**2 - 4*p**u + 2*p. Give d(2).
-3
Suppose -4 = -w - 2. Suppose 3*o + 2 = 4*o. Let f(m) = -m - w + 8 + o*m. Calculate f(6).
12
Let v(z) = z + 4. Let x(g) = -g + 19. Let w(p) = 4*p - 94. Let b(u) = -3*w(u) - 14*x(u). Let f be b(-11). Determine v(f).
-2
Let i(s) = -s**3 + 5*s**2 + 4*s + 2. Let k(j) be the second derivative of 0 - 1/6*j**3 + 3*j**2 + 3*j - 1/12*j**4. Let w be k(0). Determine i(w).
-10
Let t(o) = 568*o - 4 + 3 + 0 + o**3 + 10*o**2 - 277*o - 282*o. Suppose 2*v - p + 14 = 0, 4 = v - 2*p + 5. Give t(v).
-1
Suppose -4*d + 19 = -1. Suppose -2*z = -2*a, -5*a = 2*z - d*z - 4. Let p(m) = 4*m**2 + 1 - 4*m - 2*m**3 + 1 + m**3. What is p(z)?
2
Suppose -2*o - 10 = -7*o. Suppose 5*r - 6 = r - o*h, 2*r - 9 = -3*h. Let j be r + 1 + 0 + 5. Let l(t) = -t**3 + 7*t**2 - 6*t + 2. Give l(j).
2
Let p(i) = i + 4. Let x(g) = g + 1. Let n be x(4). Suppose -3*t - 13 = n*b + 23, 4*b + 3*t + 30 = 0. Calculate p(b).
-2
Let j be 328/(-84) + 6/(-63) + -5. Let x(m) = 5*m**2 + 10*m. Let s(l) = -6*l**2 - 10*l + 1. Let t(w) = -4*s(w) - 5*x(w). Calculate t(j).
5
Let g(f) = f**2 - 3*f + 4*f - 4 + f. Let d(t) = t**2 + 2*t - 3. Let c = 2